osite?
True
Is 1585421 prime?
False
Is 3616397 a prime number?
True
Is 5076293 a prime number?
False
Is 760109 composite?
True
Is 272023111 a composite number?
False
Is 5268031 composite?
False
Is 2633617 prime?
False
Is 11170345 composite?
True
Is 18501689 composite?
False
Is 9853109 a composite number?
True
Is 1200061 prime?
True
Is 993479 composite?
False
Is 12063431 prime?
False
Is 30010327 composite?
False
Is 28021646 prime?
False
Is 129916609 a composite number?
False
Is 119583127 composite?
True
Is 9460943 composite?
True
Is 1477381 prime?
True
Is 227018791 prime?
False
Is 167007809 a composite number?
False
Is 7736807 a composite number?
True
Is 7054981 composite?
False
Is 428863417 a composite number?
False
Is 4068203 prime?
True
Is 9913061 a prime number?
False
Is 96771 a composite number?
True
Is 10014707 prime?
False
Is 568433 a composite number?
False
Is 381702383 prime?
True
Is 185034893 a prime number?
True
Is 43900637 composite?
True
Is 34990727 a prime number?
True
Is 3470783 composite?
True
Is 4243199 a prime number?
True
Is 424743407 a composite number?
True
Is 4898921 a prime number?
False
Is 86792911 a composite number?
True
Is 44875945 composite?
True
Is 63334567 prime?
True
Is 50140591 a composite number?
True
Is 11546519 composite?
True
Is 445945 composite?
True
Is 130183527 prime?
False
Is 30157757 composite?
True
Is 2974001 prime?
True
Is 30121051 a composite number?
False
Is 185021 composite?
False
Is 6676519 a composite number?
False
Is 1060329 prime?
False
Is 6849071 a composite number?
False
Is 269354593 a prime number?
True
Is 209877 composite?
True
Is 80825687 a composite number?
True
Is 26849293 prime?
True
Is 24333983 a prime number?
False
Is 979789 prime?
False
Is 4877311 composite?
True
Is 33511501 composite?
True
Is 111240933 a prime number?
False
Is 60537641 composite?
True
Is 30546853 prime?
False
Is 208130453 a composite number?
False
Is 3900739 a prime number?
False
Is 4735949 prime?
False
Is 185259883 composite?
False
Is 106169443 composite?
True
Is 9373663 a composite number?
True
Is 17395313 a prime number?
False
Is 10919173 composite?
False
Is 2786779 a prime number?
True
Is 18045541 prime?
True
Is 6256933 composite?
False
Is 1740745589 prime?
False
Is 1161779 composite?
True
Is 641023259 prime?
False
Is 55667813 composite?
False
Is 30536297 a prime number?
False
Is 149461861 a composite number?
False
Is 109356491 a composite number?
False
Is 228097153 a prime number?
True
Is 76687987 a prime number?
False
Is 656171 prime?
True
Is 490777 prime?
False
Is 17651129 prime?
False
Is 3968833 a composite number?
True
Is 33120221 composite?
True
Is 480318866 prime?
False
Is 87764879 prime?
False
Is 607039099 a composite number?
True
Is 10863613 a composite number?
True
Is 12476071 prime?
False
Is 16866919 composite?
False
Is 129984233 composite?
True
Is 49179611 prime?
False
Is 207026761 composite?
False
Is 233746761 composite?
True
Is 496259 composite?
False
Is 14815043 a prime number?
False
Is 48073847 composite?
True
Is 2008969 a composite number?
True
Is 43292845 prime?
False
Is 13677977 prime?
False
Is 350415617 a composite number?
False
Is 18169423 prime?
False
Is 58116977 a prime number?
True
Is 3439439 a composite number?
False
Is 4137961 composite?
False
Is 1641131 prime?
True
Is 747759 prime?
False
Is 10365679 a prime number?
True
Is 13015267 a prime number?
True
Is 20080561 a prime number?
False
Is 11701429 a composite number?
False
Is 278803573 composite?
True
Is 1112039 prime?
False
Is 522649 composite?
True
Is 362038819 composite?
False
Is 119646911 prime?
True
Is 4917989 a prime number?
True
Is 1337457581 a prime number?
True
Is 9440159 prime?
True
Is 4642633 a composite number?
True
Is 323277683 composite?
True
Is 21314939 composite?
True
Is 7438885 prime?
False
Is 1128889 a composite number?
False
Is 26337191 prime?
False
Is 1427331 a prime number?
False
Is 26795093 composite?
True
Is 4469174 prime?
False
Is 221189671 composite?
False
Is 8875993 a prime number?
False
Is 328913 prime?
False
Is 2526463 a prime number?
True
Is 24391217 a composite number?
False
Is 5423339 prime?
False
Is 1418399 a prime number?
True
Is 72119171 a composite number?
True
Is 1147495283 a composite number?
True
Is 33155153 composite?
True
Is 10701021 composite?
True
Is 324540373 a prime number?
False
Is 56092459 composite?
False
Is 133521649 prime?
False
Is 13816903 composite?
True
Is 48858247 a prime number?
False
Is 68015659 a prime number?
True
Is 9105479 a prime number?
False
Is 5212393 composite?
False
Is 36585397 composite?
True
Is 342118043 composite?
True
Is 40323169 prime?
True
Is 44664619 a prime number?
True
Is 133605011 prime?
True
Is 3503441 prime?
False
Is 3695357 a composite number?
False
Is 27436337 prime?
False
Is 94551449 composite?
True
Is 3896887 composite?
False
Is 82770889 composite?
False
Is 7693909 a prime number?
True
Is 5326183 a prime number?
False
Is 2473923 composite?
True
Is 26216059 a composite number?
True
Is 3915437 a composite number?
True
Is 5787853 a composite number?
True
Is 2632271 prime?
True
Is 12936193 composite?
True
Is 42126761 a composite number?
False
Is 984511 a prime number?
False
Is 4819433 a prime number?
True
Is 4559483 a prime number?
True
Is 1843509 a prime number?
False
Is 89153 a composite number?
False
Is 412645951 composite?
True
Is 5174431 a composite number?
False
Is 609979 a prime number?
True
Is 2424263 a composite number?
False
Is 1106773 prime?
False
Is 4767443 composite?
True
Is 319783 a prime number?
False
Is 326453 composite?
True
Is 72198077 composite?
True
Is 421907 a composite number?
False
Is 82843613 prime?
True
Is 131093893 a composite number?
True
Is 23714182 a composite number?
True
Is 5409463 a prime number?
False
Is 1166653 a prime number?
False
Is 4835669 a prime number?
False
Is 440314271 composite?
False
Is 412978561 a prime number?
False
Is 175299619 a prime number?
False
Is 10999949 composite?
False
Is 3798559 a composite number?
True
Is 6511847 composite?
True
Is 5848259 prime?
True
Is 65160197 a prime number?
False
Is 62599277 composite?
True
Is 226441529 a composite number?
False
Is 14908021 composite?
False
Is 1175161 composite?
True
Is 14952463 a composite number?
False
Is 14224433 composite?
True
Is 7555493 a prime number?
False
Is 2207501 composite?
True
Is 33394771 prime?
False
Is 30627217 composite?
True
Is 17355153 prime?
False
Is 9355299 composite?
True
Is 243136297 a prime number?
True
Is 2796817 a prime number?
True
Is 71493249 a prime number?
False
Is 508520849 composite?
True
Is 134502527 composite?
True
Is 649336847 composite?
False
Is 981373 composite?
False
Is 38834233 a prime number?
False
Is 589585873 a composite number?
False
Is 20464937 prime?
True
Is 41299 prime?
True
Is 57027427 a composite number?
True
Is 120803 a composite number?
True
Is 223001221 a composite number?
False
Is 3014461 prime?
True
Is 14392255 a composite number?
True
Is 285979313 prime?
False
Is 3034093 composite?
False
Is 5122847 composite?
False
Is 45752485 prime?
False
Is 2221507 a composite number?
False
Is 146090573 composite?
False
Is 10978933 a prime number?
False
Is 902186363 a prime number?
False
Is 2667167 a prime number?
True
Is 33399721 a composite number?
False
Is 2670281 prime?
False
Is 18592433 a prime number?
False
Is 14045671 composite?
False
Is 6336119 a prime number?
False
Is 54409 a composite number?
False
Is 14057515 composite?
True
Is 1482191 a composite number?
True
Is 111371983 composite?
True
Is 2890031 a composite number?
False
Is 64942897 a prime number?
True
Is 38653249 a prime number?
False
Is 19038343 prime?
True
Is 1829441 prime?
True
Is 6251307 a composite number?
True
Is 5672903 composite?
True
Is 200512493 composite?
True
Is 98029 composite?
True
Is 343055 a prime number?
False
Is 259615523 composite?
False
Is 34777591 a composite number?
True
Is 4720931 prime?
True
Is 1757633 composite?
True
Is 829877 a composite number?
False
Is 31998559 a prime number?
False
Is 81192071 a composite number?
False
Is 541217 composite?
False
Is 23106509 a composite number?
True
Is 720191297 prime?
False
Is 657269 prime?
True
Is 11236997 composite?
False
Is 4933967 a prime number?
True
Is 187900567 a prime number?
True
Is 2